-23734 + 40403. What are the prime factors of v?
79, 211
Let p = -13927 + 23700. What are the prime factors of p?
29, 337
Let c(k) = -491*k - 1502. List the prime factors of c(-9).
2917
Let c be (-1)/(-4 + 2/(-1) + 5). List the prime factors of ((-2056)/10)/(5*c/(-25)).
2, 257
Suppose 1246 = 7*y - 6*y. Let w = y + -747. Let c = -295 + w. What are the prime factors of c?
2, 3, 17
Let u = 6165 - 1815. Suppose 5*s - u = -5*p, 2*s + 2*p - 6*p = 1746. List the prime factors of s.
13, 67
Let k(i) = 38*i + 462. Let m be k(-12). Let b(x) = -x**2 - 6*x - 4. Let q be b(-4). Suppose 0 = q*l - 3*z - 470, 3*z + m = 6*z. List the prime factors of l.
7, 17
Let u(r) = 1 - 69*r - 10*r - 21*r. Suppose -5*m - 15 = -2*q, -4*q + 29 = m + 10. What are the prime factors of u(m)?
101
Suppose -8 = 2*n - 4*n + 4*b, -n + 1 = b. Let w be (-1)/n - 21/14 - -4. Suppose 0 = w*u - 2*m - 256, -u - m + 0*m + 128 = 0. What are the prime factors of u?
2
Let g = -971 - -2429. Suppose -2*h + 0*h - 2*q = -986, g = 3*h - 4*q. What are the prime factors of h?
2, 5, 7
Suppose 7*c = 12*c - 50. Let q be ((-44)/c - -4)*-10. Suppose -b + q*p + 37 = -0*b, 0 = -5*b + 2*p + 257. List the prime factors of b.
53
Suppose 2*d = -3*d - 175. Let w(m) = 2*m**2 + 49*m - 8. What are the prime factors of w(d)?
727
Suppose 39*g = -18*g + 1432410. List the prime factors of g.
2, 5, 7, 359
Suppose w + 839*d = 835*d + 14518, -2*d = 2*w - 29072. What are the prime factors of w?
2, 11, 661
Let y be 2/(-4*(-4)/40). Suppose -y*m + 236 = -264. List the prime factors of m.
2, 5
Suppose -245*n + 960 = -242*n. Suppose n*b - 322*b + 724 = 0. List the prime factors of b.
2, 181
List the prime factors of 23 + 9324 - (-2 - 3).
2, 7, 167
Let c = 21 - -4. Let z be 0*(-3 - c/(-10)). Suppose 2*u + 8 - 130 = z. What are the prime factors of u?
61
Let q be ((-56)/84)/(4/(-18)). Suppose 4*v + 1164 = 4*n, 5*v + 810 = q*n - 53. What are the prime factors of n?
2, 37
Suppose 0 = -5*p - p. Let o(k) = k**2 + 12*k + 24. Let j be o(-10). Suppose q - j*a - 23 = -p*q, -a + 82 = 3*q. What are the prime factors of q?
3
Let s(g) = 410*g - 12200. What are the prime factors of s(93)?
2, 5, 2593
Suppose 0 = 7*z - 8*z + 46. Let l = -40 + z. Let y = l + 97. What are the prime factors of y?
103
Let s(h) = -11*h - 29. Let p be s(-3). Let y(w) = 15*w**3 - 5*w**2 + 12*w - 20. What are the prime factors of y(p)?
2, 227
Let o = 54744 - 3308. What are the prime factors of o?
2, 7, 11, 167
Let l = -9568 - -19881. What are the prime factors of l?
10313
Suppose -38*k + 41*k = -5*m + 221504, 221518 = 5*m + k. What are the prime factors of m?
5, 8861
Let a(j) = j**2 - 8*j + 6. Let o(x) = -x**3 + 6*x**2 - 2*x - 7. Let t be o(5). Let v be a(t). What are the prime factors of 3/v + (-716)/(-8)?
2, 3, 5
Let p(y) = 3*y**2 - 108. What are the prime factors of p(19)?
3, 5, 13
Suppose 40*u + 630 = 46*u. Suppose -u = 45*v - 46*v. What are the prime factors of v?
3, 5, 7
Let s be (-13050)/(-51) + (-8)/(-68). Suppose -2188 = -7*j - s. List the prime factors of j.
2, 3, 23
Suppose 5*j = g + 2998, -j + 590 = -9*g + 12*g. What are the prime factors of j?
599
What are the prime factors of ((-14750)/(-4))/(330/660)?
5, 59
Let l(b) = 16*b + 90. Let o be l(7). Let q = o + -121. What are the prime factors of q?
3
Suppose 8*o - 43600 - 16920 = 0. Suppose -17*q + o = -4250. What are the prime factors of q?
5, 139
Let w be (-3)/(-6) + (-1)/2. Suppose 4*f - 2*n - 506 = w, -2*n - 3*n = 3*f - 399. List the prime factors of f.
2
Let d = 963 - -981. List the prime factors of d.
2, 3
Let s = 58 - 42. List the prime factors of (s/(-12) + 6)/(1/3).
2, 7
Let m = -291 - -657. Let a = 255 - m. Let r = 187 + a. What are the prime factors of r?
2, 19
Suppose g + 29 = 5*o, 8*o = 5*o + 2*g + 23. Suppose -34 + 4034 = o*j. What are the prime factors of j?
2, 5
Let h(u) be the third derivative of 185*u**4/24 + 7*u**3/3 - 6*u**2 - 1. What are the prime factors of h(1)?
199
Let g = -37 + 70. Let s(z) = 97 - 41 + 18*z - g. List the prime factors of s(6).
131
Let s(n) = -27*n**3 - 3*n**2 - 12*n + 65. Let x(i) = -27*i**3 - 4*i**2 - 13*i + 66. Let p(r) = -3*s(r) + 2*x(r). What are the prime factors of p(4)?
1721
Let w(b) = 2*b**2 + 21*b - 43. Let n be w(2). Let q(k) = 17*k**2 - 9*k + 72. List the prime factors of q(n).
2, 421
Let v = -15492 + 19720. What are the prime factors of v?
2, 7, 151
Let s = -65 - -68. Let w be (3 - (-8)/(-3))/(s/27). Suppose p + 3*x = -2*x + 63, 61 = 2*p - w*x. What are the prime factors of p?
2, 19
What are the prime factors of (-62566)/(-8) - (2/(-7))/(128/(-336))?
2, 5, 17, 23
Suppose 17*l - 3879 - 4604 = 0. Let t = -193 + l. List the prime factors of t.
2, 3, 17
Suppose -12*l + 50 = -10*l. Suppose -5*p + 160 = l. Suppose -a + 195 = 4*c, 0 = -c - 2*a + p + 13. List the prime factors of c.
2, 5
Let u(k) = 162*k**3 + 12*k**2 - 22*k + 1. What are the prime factors of u(2)?
1301
Let h = -5454 + 5422. Let v be (-6)/(-9) + (-388)/6. Let c = h - v. List the prime factors of c.
2
Suppose 2*u + j = 38747, 70*j - 58108 = -3*u + 66*j. List the prime factors of u.
2, 7, 173
Suppose 0*b + 8544 = 8*b. Suppose 3*j - 3*w - 2619 = 0, -3*j - 5*w + 1575 + b = 0. List the prime factors of 1/(((-8)/j)/(2/(-3))).
73
What are the prime factors of -5 - (1372/10 - 1)*-485?
2, 7, 337
Suppose 219 = -5*p + 1859. Suppose -4*s + 524 = -52. Suppose -p = -4*y - 4*k, k = 2*y - k - s. List the prime factors of y.
7, 11
Let b = 365 + -325. What are the prime factors of (-2)/(-4) - (-25020)/b?
2, 313
Suppose -12*b + 54526 - 12406 = 0. What are the prime factors of b?
2, 3, 5, 13
Let w = -10650 + 29847. List the prime factors of w.
3, 79
Let w(f) be the first derivative of f**4/4 + 17*f**3/3 - 3*f**2/2 - 14*f + 5. Suppose -5*d + 176 = 261. What are the prime factors of w(d)?
37
Suppose 4*r + 40 = f, 2*f - 5*r + r - 80 = 0. Let u = 45 - f. Suppose -18 = -w + n, -2*n - 26 = -2*w - u*n. List the prime factors of w.
2
Suppose 4*x = p + 80, 0 = -3*p + 2*p. What are the prime factors of x/8 + (-211)/(-2)?
2, 3
Let q = 48819 + -34117. What are the prime factors of q?
2, 7351
Let d be (1 - 0)*(1 - -3) + 7. Suppose d*n - 5*n - 1806 = 0. List the prime factors of n.
7, 43
Let y = 17083 + -3617. What are the prime factors of y?
2, 6733
Let z = 775 + -759. List the prime factors of -2*((-4104)/z - 3).
3, 173
Let x = 332 + -276. Let n = x + 93. What are the prime factors of n?
149
Suppose 0 = 11*m + 2642 - 1850. Let j = 351 - 203. Let n = m + j. List the prime factors of n.
2, 19
Suppose 143 = 2*c - 3*l + 2*l, 5*c = 2*l + 356. Let n be (372/(-10))/((-21)/c). Suppose -n = -9*i + 677. What are the prime factors of i?
89
What are the prime factors of ((-522)/29 + -159730)/(8/(-2))?
39937
Let v = -173 + 141. What are the prime factors of 71*((-10)/(-8))/((-8)/v)?
5, 71
Let d be (-8)/((-3)/(-15) + (-35)/(-75)). Let l be 6 + -5 - (-2 + 4 + d). Suppose l*w - 30 = w. What are the prime factors of w?
3
Let v = 655 + 706. Let f = v - -161. List the prime factors of f.
2, 761
Let v(h) = h + 1. Let x(b) = -5*b - 5. Let z(g) = -6*v(g) - x(g). Let l be z(-3). Suppose -89 = -r + 2*o, -3*o - l*o - 89 = -r. What are the prime factors of r?
89
Suppose -30616 = 81*c - 217969. List the prime factors of c.
3, 257
Let v = 28 + -16. Let m be (30/v)/(1/2). Suppose 0 = 3*a - m*k - 245, 0 = 5*a - 3*k - 306 - 97. List the prime factors of a.
2, 5
Let s = 2017 - 4501. Let p = 3589 + s. List the prime factors of p.
5, 13, 17
Let s = 123 + -278. Let a = s + 357. List the prime factors of a.
2, 101
Suppose -212 = 6*k - 224. Suppose k*d + 4155 = 5*x, -3*x = -3*d - 474 - 2019. List the prime factors of x.
3, 277
Let h be 12 + 1 + 6/12*-8. Let q(p) = p**3 - 7*p**2 + 7*p + 1. List the prime factors of q(h).
2, 113
Let k = -3724 - -21348. List the prime factors of k.
2, 2203
Let o(u) = 6*u - 9. Let d be o(2). Suppose d*p = -3, -2*b - 29 - 123 = 2*p. Let w = 115 - b. List the prime factors of w.
2, 5, 19
Suppose -4*a + 5*c = 10*c - 529, 0 = -a + 5*c + 101. Suppose -n = n - a. What are the prime factors of n?
3, 7
Suppose -3*l + 109 = l + v, 2*v = 10. Suppose -l*n = -24*n + 246. What are the prime factors of (-8)/12 - n/9?
13
Let a(s) = -6002*s**3 - s**2 + 4*s + 5. List the prime factors of a(-1).
2, 3001
Let a = -273 - -282. Suppose 0 = -a*c + 2022 + 